{"id":8,"date":"2026-04-26T09:11:11","date_gmt":"2026-04-26T09:11:11","guid":{"rendered":"http:\/\/gryfnydron.pl\/?page_id=8"},"modified":"2026-04-26T15:31:23","modified_gmt":"2026-04-26T15:31:23","slug":"gryfnydron","status":"publish","type":"page","link":"https:\/\/gryfnydron.pl\/","title":{"rendered":"Gryfny dron"},"content":{"rendered":"\t\t<div data-elementor-type=\"wp-page\" data-elementor-id=\"8\" class=\"elementor elementor-8\">\n\t\t\t\t<div class=\"elementor-element elementor-element-229bb6c e-con-full e-flex e-con e-parent\" data-id=\"229bb6c\" data-element_type=\"container\" data-e-type=\"container\">\n\t\t\t\t<div class=\"elementor-element elementor-element-d1b27a8 elementor-widget elementor-widget-html\" data-id=\"d1b27a8\" data-element_type=\"widget\" data-e-type=\"widget\" data-widget_type=\"html.default\">\n\t\t\t\t\t<nav class=\"gd-nav\">\r\n  <a href=\"#\" class=\"gd-logo\">\r\n    <img decoding=\"async\" src=\"http:\/\/gryfnydron.pl\/wp-content\/uploads\/2026\/04\/613083737_122193365888525306_8747569032644385469_n.jpg\" alt=\"GryfnyDron\">\r\n    GRYFNY<span>DRON<\/span>\r\n  <\/a>\r\n  <ul class=\"gd-links\">\r\n    <li><a href=\"#galeria\">Galeria<\/a><\/li>\r\n    <li><a href=\"#filmy\">Filmy<\/a><\/li>\r\n    <li><a href=\"#o-mnie\">O mnie<\/a><\/li>\r\n    <li><a href=\"#uslugi\">Us\u0142ugi<\/a><\/li>\r\n    <li><a href=\"#kontakt\">Kontakt<\/a><\/li>\r\n  <\/ul>\r\n<\/nav>\r\n\r\n<style>\r\n.gd-nav { display:flex; justify-content:space-between; align-items:center; padding:1.2rem 3rem; background:rgba(10,13,20,0.9); backdrop-filter:blur(12px); position:fixed; top:0; left:0; right:0; z-index:9999; border-bottom:1px solid rgba(245,158,11,0.15); }\r\n.gd-logo { display:flex; align-items:center; gap:0.6rem; font-family:'Barlow Condensed',sans-serif; font-size:1.4rem; font-weight:700; letter-spacing:0.14em; color:#fff; text-decoration:none; }\r\n.gd-logo img { height:40px; width:40px; object-fit:cover; border-radius:50%; border:2px solid rgba(245,158,11,0.4); }\r\n.gd-logo span { color:#f59e0b; }\r\n.gd-links { display:flex; gap:2.5rem; list-style:none; margin:0; padding:0; }\r\n.gd-links a { font-family:'Barlow Condensed',sans-serif; font-size:0.78rem; font-weight:400; letter-spacing:0.18em; text-transform:uppercase; color:#a0aec0; text-decoration:none; transition:color 0.2s; }\r\n.gd-links a:hover { color:#f59e0b; }\r\n<\/style>\t\t\t\t<\/div>\n\t\t\t\t<\/div>\n\t\t<div class=\"elementor-element elementor-element-35ebdc0 e-con-full e-flex e-con e-parent\" data-id=\"35ebdc0\" data-element_type=\"container\" data-e-type=\"container\" data-settings=\"{&quot;background_background&quot;:&quot;classic&quot;}\">\n\t\t<div class=\"elementor-element elementor-element-e8e700d e-con-full e-flex e-con e-child\" data-id=\"e8e700d\" data-element_type=\"container\" data-e-type=\"container\">\n\t\t\t\t<div class=\"elementor-element elementor-element-7531409 elementor-widget elementor-widget-html\" data-id=\"7531409\" data-element_type=\"widget\" data-e-type=\"widget\" data-widget_type=\"html.default\">\n\t\t\t\t\t<div class=\"hero-text\">\r\n  <div class=\"hero-tag\">\u2726 Filmowanie z powietrza<\/div>\r\n  <h1 class=\"hero-title\">\r\n    <span class=\"white\">PERSPEKTYWA,<\/span><br>\r\n    <span class=\"white\">KT\u00d3REJ <\/span><span class=\"gold\">NIE WIDZIA\u0141E\u015a<\/span>\r\n  <\/h1>\r\n  <p class=\"hero-sub\">Profesjonalne uj\u0119cia z drona \u2014 panoramy, miast, krajobrazy, sporty, samochody, eventy, nieruchomo\u015bci i wiele innych.<\/p>\r\n  <a href=\"#galeria\" class=\"hero-btn\">ZOBACZ PRACE \u2193<\/a>\r\n<\/div>\r\n\r\n<style>\r\n.hero-text { padding: 0 0 2rem 0; }\r\n.hero-tag { font-family: 'Barlow Condensed', sans-serif; font-size: 0.95rem; letter-spacing: 0.25em; text-transform: uppercase; color: #f59e0b; margin-bottom: 1.2rem; }\r\n.hero-title { font-family: 'Barlow Condensed', sans-serif; font-size: clamp(6rem, 10vw, 9rem); font-weight: 700; line-height: 0.95; text-transform: uppercase; margin: 0 0 1.5rem 0; }\r\n.white { color: #ffffff; text-shadow: 0 2px 20px rgba(0,0,0,0.5); }\r\n.gold { color: #f59e0b; text-shadow: 0 2px 20px rgba(0,0,0,0.5); }\r\n.hero-sub { font-family: 'Barlow', sans-serif; font-size: 1.15rem; font-weight: 400; color: rgba(232,238,245,0.8); max-width: 500px; line-height: 1.75; margin-bottom: 2.5rem; }\r\n.hero-btn { font-family: 'Barlow Condensed', sans-serif; font-size: 0.95rem; letter-spacing: 0.2em; text-transform: uppercase; color: #f59e0b; text-decoration: none; border-bottom: 1px solid #f59e0b; padding-bottom: 0.3rem; }\r\n<\/style>\t\t\t\t<\/div>\n\t\t\t\t<\/div>\n\t\t\t\t<\/div>\n\t\t<div class=\"elementor-element elementor-element-a839d72 e-con-full e-flex e-con e-parent\" data-id=\"a839d72\" data-element_type=\"container\" data-e-type=\"container\" data-settings=\"{&quot;background_background&quot;:&quot;classic&quot;}\">\n\t\t\t\t<div class=\"elementor-element elementor-element-f850340 elementor-widget elementor-widget-sbi-widget\" data-id=\"f850340\" data-element_type=\"widget\" data-e-type=\"widget\" data-widget_type=\"sbi-widget.default\">\n\t\t\t\t<div class=\"elementor-widget-container\">\n\t\t\t\t\tNie wybrano kana\u0142u do wy\u015bwietlenia.\t\t\t\t<\/div>\n\t\t\t\t<\/div>\n\t\t\t\t<\/div>\n\t\t<div class=\"elementor-element elementor-element-9395e2a e-con-full e-flex e-con e-parent\" data-id=\"9395e2a\" data-element_type=\"container\" data-e-type=\"container\" data-settings=\"{&quot;background_background&quot;:&quot;classic&quot;}\">\n\t\t\t\t<div class=\"elementor-element elementor-element-983756a elementor-widget elementor-widget-html\" data-id=\"983756a\" data-element_type=\"widget\" data-e-type=\"widget\" data-widget_type=\"html.default\">\n\t\t\t\t\t<div class=\"gds\" id=\"filmy\">\r\n  <div class=\"gds-inner\">\r\n    <div class=\"gd-tag\">Realizacje<\/div>\r\n    <h2 class=\"gd-title\">FILMY <span class=\"gold\">Z POWIETRZA<\/span><\/h2>\r\n\r\n    <div class=\"films-grid\">\r\n\r\n      <div class=\"film-card\">\r\n        <div class=\"film-embed\">\r\n          <iframe src=\"https:\/\/www.youtube.com\/embed\/ORpTDABlmmM\" allowfullscreen loading=\"lazy\"><\/iframe>\r\n        <\/div>\r\n        <div class=\"film-info\">\r\n          <h4>Spodek w nocy<\/h4>\r\n          <span>Katowice \u00b7 Krajobraz<\/span>\r\n        <\/div>\r\n      <\/div>\r\n\r\n      <div class=\"film-card\">\r\n        <div class=\"film-embed\">\r\n          <iframe src=\"https:\/\/www.youtube.com\/embed\/WOG3km0acos\" allowfullscreen loading=\"lazy\"><\/iframe>\r\n        <\/div>\r\n        <div class=\"film-info\">\r\n          <h4>Miasto Katowice<\/h4>\r\n          <span>Katowice \u00b7 Krajobraz<\/span>\r\n        <\/div>\r\n      <\/div>\r\n\r\n      <div class=\"film-card\">\r\n        <div class=\"film-embed\">\r\n          <iframe src=\"https:\/\/www.youtube.com\/embed\/oQlrWplc69Q\" allowfullscreen loading=\"lazy\"><\/iframe>\r\n        <\/div>\r\n        <div class=\"film-info\">\r\n          <h4>Sport i Rekreacja<\/h4>\r\n          <span>Sport \u00b7 Aktywno\u015b\u0107<\/span>\r\n        <\/div>\r\n      <\/div>\r\n\r\n      <div class=\"film-card\">\r\n        <div class=\"film-embed\">\r\n          <iframe src=\"https:\/\/www.youtube.com\/embed\/dQjsYxeg8wg\" allowfullscreen loading=\"lazy\"><\/iframe>\r\n        <\/div>\r\n        <div class=\"film-info\">\r\n          <h4>Klub Sportowy<\/h4>\r\n          <span>Sport \u00b7 Klub<\/span>\r\n        <\/div>\r\n      <\/div>\r\n\r\n      <div class=\"film-card\">\r\n        <div class=\"film-embed\">\r\n          <iframe src=\"https:\/\/www.youtube.com\/embed\/yqpcz_FqLso\" allowfullscreen loading=\"lazy\"><\/iframe>\r\n        <\/div>\r\n        <div class=\"film-info\">\r\n          <h4>Panorama Miasta<\/h4>\r\n          <span>Krajobraz \u00b7 Miasto<\/span>\r\n        <\/div>\r\n      <\/div>\r\n\r\n      <div class=\"film-card\">\r\n        <div class=\"film-embed\">\r\n          <iframe src=\"https:\/\/www.youtube.com\/embed\/JvDc5L0Nji0\" allowfullscreen loading=\"lazy\"><\/iframe>\r\n        <\/div>\r\n        <div class=\"film-info\">\r\n          <h4>Szkolenie z Drona<\/h4>\r\n          <span>Instrukta\u017c \u00b7 Szkolenie<\/span>\r\n        <\/div>\r\n      <\/div>\r\n\r\n    <\/div>\r\n  <\/div>\r\n<\/div>\r\n\r\n<style>\r\n.gds { background:#0d1117; padding:6rem 0; width:100%; }\r\n.gds-inner { max-width:1200px; margin:0 auto; padding:0 3rem; }\r\n.gd-tag { font-family:'Barlow Condensed',sans-serif; font-size:0.75rem; letter-spacing:0.22em; text-transform:uppercase; color:#f59e0b; margin-bottom:0.8rem; display:flex; align-items:center; gap:0.8rem; }\r\n.gd-tag::before { content:''; display:block; width:28px; height:1px; background:#f59e0b; }\r\n.gd-title { font-family:'Barlow Condensed',sans-serif; font-size:clamp(2.4rem,4vw,4rem); font-weight:700; color:#e8eef5; text-transform:uppercase; margin-bottom:3rem; line-height:0.95; }\r\n.gd-title .gold { color:#f59e0b; }\r\n.films-grid { display:grid; grid-template-columns:repeat(auto-fit,minmax(340px,1fr)); gap:1.5rem; }\r\n.film-card { background:#1a2030; border-radius:4px; overflow:hidden; border:1px solid rgba(107,122,153,0.2); transition:transform 0.3s,box-shadow 0.3s; }\r\n.film-card:hover { transform:translateY(-4px); box-shadow:0 12px 36px rgba(0,0,0,0.3); }\r\n.film-embed { position:relative; padding-bottom:56.25%; height:0; overflow:hidden; }\r\n.film-embed iframe { position:absolute; top:0; left:0; width:100%; height:100%; border:none; }\r\n.film-info { padding:1rem 1.2rem; }\r\n.film-info h4 { font-family:'Barlow Condensed',sans-serif; font-size:1.2rem; font-weight:600; color:#e8eef5; text-transform:uppercase; letter-spacing:0.05em; margin-bottom:0.2rem; }\r\n.film-info span { font-size:0.72rem; color:#6b7a99; letter-spacing:0.1em; text-transform:uppercase; }\r\n<\/style>\t\t\t\t<\/div>\n\t\t\t\t<\/div>\n\t\t\t\t<\/div>\n\t\t","protected":false},"excerpt":{"rendered":"<p>GRYFNYDRON Galeria Filmy O mnie Us\u0142ugi Kontakt \u2726 Filmowanie z powietrza PERSPEKTYWA, KT\u00d3REJ NIE WIDZIA\u0141E\u015a Profesjonalne uj\u0119cia z drona \u2014 panoramy, miast, krajobrazy, sporty, samochody, eventy, nieruchomo\u015bci i wiele innych. ZOBACZ PRACE \u2193 Zacznij tworzy\u0107 sw\u00f3j pierwszy kana\u0142 z Instagramu Utw\u00f3rz kana\u0142 Instagram Czy wiesz, \u017ce? Za pomoc\u0105 Wersja Pro mo\u017cesz wy\u015bwietla\u0107 kana\u0142y ze zdj\u0119ciami, [&hellip;]<\/p>\n","protected":false},"author":1,"featured_media":0,"parent":0,"menu_order":0,"comment_status":"closed","ping_status":"closed","template":"","meta":{"footnotes":""},"class_list":["post-8","page","type-page","status-publish","hentry"],"_links":{"self":[{"href":"https:\/\/gryfnydron.pl\/index.php?rest_route=\/wp\/v2\/pages\/8","targetHints":{"allow":["GET"]}}],"collection":[{"href":"https:\/\/gryfnydron.pl\/index.php?rest_route=\/wp\/v2\/pages"}],"about":[{"href":"https:\/\/gryfnydron.pl\/index.php?rest_route=\/wp\/v2\/types\/page"}],"author":[{"embeddable":true,"href":"https:\/\/gryfnydron.pl\/index.php?rest_route=\/wp\/v2\/users\/1"}],"replies":[{"embeddable":true,"href":"https:\/\/gryfnydron.pl\/index.php?rest_route=%2Fwp%2Fv2%2Fcomments&post=8"}],"version-history":[{"count":60,"href":"https:\/\/gryfnydron.pl\/index.php?rest_route=\/wp\/v2\/pages\/8\/revisions"}],"predecessor-version":[{"id":92,"href":"https:\/\/gryfnydron.pl\/index.php?rest_route=\/wp\/v2\/pages\/8\/revisions\/92"}],"wp:attachment":[{"href":"https:\/\/gryfnydron.pl\/index.php?rest_route=%2Fwp%2Fv2%2Fmedia&parent=8"}],"curies":[{"name":"wp","href":"https:\/\/api.w.org\/{rel}","templated":true}]}}